divided by z?
26
Let v(x) = x**3 + 4*x**2 - 5*x + 6. Let y be v(-5). Let n be (-21)/14*(-8)/y. Suppose n*i - 63 = -7. What is the remainder when i is divided by 10?
8
Let c = 6 - -72. Suppose -7*d - c = -10*d. What is the remainder when 127 is divided by d?
23
Let q(m) = -5*m - 4. Let f(w) = -w**3 - 8*w**2 - 7*w - 5. Let d be f(-7). Suppose -50*s = -15*s - 1400. What is the remainder when s is divided by q(d)?
19
Let y = 7 + -24. Let j be (-1)/(-6) + y/(-6). Let l = 10 - j. What is the remainder when l is divided by 3?
1
Let j be (-5)/((2/(-3))/(7 - 9)). Let h = 34 + j. What is the remainder when 74 is divided by h?
17
Let w = -987 + 1218. Calculate the remainder when w is divided by 40.
31
What is the remainder when 513 is divided by 30/45*132/8?
7
Suppose 155*j = 145*j + 470. What is the remainder when 92 is divided by j?
45
Suppose -a = -4*s + 3 + 21, -a = -4. Suppose 3*z = -s - 38. Let u(b) = -3*b. What is the remainder when u(z) is divided by 23?
22
Suppose 80*x - 2*l = 85*x - 123, 0 = 3*l - 12. What is the remainder when x is divided by 10?
3
Let j be 3*8/(-3)*(-4)/(-8). What is the remainder when 46 is divided by j/((-4)/2) - (21 + -32)?
7
Let o(n) = n**2 + 6*n - 8. Let g(h) = h**3 + 7*h**2 + 11*h - 6. Let u be g(-5). Calculate the remainder when o(u) is divided by 13.
8
Let x be (-4)/8*7*264/(-42). Suppose 2*p = -4*l + x, 21*l - 16*l + 44 = 3*p. What is the remainder when 369/15 - 2/(-5) is divided by p?
12
Let a = -131 - -241. What is the remainder when a is divided by 38?
34
Suppose 5*d + 25 = 0, 4*y + 10 = -4*d + 6*d. Let m(f) = -3*f + 2. Let b be m(y). Suppose 18*u - b*u = 17. Calculate the remainder when u is divided by 5.
2
Suppose 186 + 444 = 30*d. What is the remainder when 166 is divided by d?
19
Let m = -14 + 13. Let b be 0*(m + 3)/(-4). Suppose b = 6*k - k - 190. Calculate the remainder when k is divided by 13.
12
Let m(q) = -22*q + 127. What is the remainder when 225 is divided by m(5)?
4
Suppose l + 102 = -3*l - 2*v, 3*l + 70 = 5*v. Let g = -20 - l. Let q(y) = 2*y**2 - 4. Calculate the remainder when q(g) is divided by 12.
10
Suppose -3*b = 4*o - 83, -o = -2*b + 25 + 23. Calculate the remainder when 63 is divided by b.
13
Let v be 6/(28/(-14)*(-1)/10). Let j = 49 - 33. Let c = v - j. Calculate the remainder when 27 is divided by c.
13
Let a(h) = -h**3 + 6*h**2 - 4*h + 1. Let c be (13 + -1)*(-1)/(-3). What is the remainder when 165/(9 - 4) - 1*2 is divided by a(c)?
14
What is the remainder when 681 is divided by (8/(-24))/((-2)/186)?
30
Let w(b) = -3*b**3 - 18*b**2 + 13*b + 19. Let r(o) = 2*o**3 + 9*o**2 - 6*o - 10. Let k(u) = 5*r(u) + 3*w(u). What is the remainder when k(8) is divided by 4?
3
Let d(s) = s**2 - 9*s - 10. Let b be d(10). Let v be (b - 6/2) + 3. Suppose 3*h - 6 - 33 = v. Calculate the remainder when 36 is divided by h.
10
Suppose 0*d + d - 73 = -4*u, u = -2. Calculate the remainder when 155 is divided by d.
74
What is the remainder when 239 is divided by 10 + 5 + 9 + -4?
19
Suppose -3*y + 179 = 2*y + x, 5*y - 185 = 5*x. Let t be (y + -4)*-1 - 1. What is the remainder when t/22*(-2)/3 is divided by 1?
0
Let f(z) = -3*z + 10. Let a be f(-4). Let q = a - -29. Calculate the remainder when q is divided by 13.
12
Let m(c) = -10*c**3 + 3*c**2 + 3*c - 4. Calculate the remainder when m(-3) is divided by 73.
65
Let q = 16 - 18. Let t be (q*19)/(3 + -1). Let z = -15 - t. Calculate the remainder when z is divided by 3.
1
Suppose -17*k + 19*k - 24 = 0. What is the remainder when 21 is divided by k?
9
Suppose 0*h = -2*h - 14. Let z be (-26)/91 + 187/(-7). Let d = h - z. What is the remainder when d is divided by 7?
6
Let h(g) = -g**3 + g**2 + 5*g + 11. Calculate the remainder when 122 is divided by h(-3).
26
Let s(p) = -p**3 + 6*p**2 + 19*p + 7. What is the remainder when s(8) is divided by 7?
3
Suppose 5*t + 74 = 8*t - 4*b, 56 = 2*t - 4*b. What is the remainder when 263 is divided by t?
11
Let z = 124 - 131. Calculate the remainder when 36 is divided by (z - -3)*14/(-4).
8
Let m be (-4)/(-18) - (-6 + 886/18). Let z = m - -88. Calculate the remainder when 132 is divided by z.
42
Calculate the remainder when 116 is divided by (-1541)/92 + 17 + 247/4.
54
Suppose 0 = 4*k - 2*m + 3324, 5*m + 17 = k + 830. Let c = k - -421. What is the remainder when 73 is divided by 4/14 - c/28?
13
Suppose 4*p - 6 = 14. Suppose 3*x + s - 47 = -0*x, 2*s = p*x - 93. What is the remainder when 49 is divided by x?
15
Let x = -63 + 89. Let h(c) = c**2 - 12*c - 14. Suppose 0 = -3*k - 0*k - 2*i + 46, 3*i - 48 = -3*k. Calculate the remainder when x is divided by h(k).
12
Calculate the remainder when (-4)/30 + ((-2121)/(-45) - -3) is divided by (-15)/(8 - 3) - -17.
8
What is the remainder when ((-1)/(-4))/(82/102664) is divided by 35?
33
Let n = -12 + 22. Suppose -585 = 732*f - 741*f. What is the remainder when f is divided by n?
5
Let j be 1172 - -4*2/(-4). What is the remainder when j/20 - (-6)/4 is divided by 16?
12
What is the remainder when 296 + (-2 + 9 - 15) is divided by 30?
18
Calculate the remainder when 46 is divided by (-70)/(-6) + 18/54.
10
Suppose -49*w + 35*w = -84. What is the remainder when 125 is divided by w?
5
Let l be ((-2)/4)/(12/4008). Let z = l - -175. What is the remainder when 37 is divided by z?
5
Let f(t) = t - 1. Let o be f(1). Suppose o = -3*a + 31 + 5. Let v(g) = g + 23. What is the remainder when v(a) is divided by 19?
16
Let m(r) = r**2 + 22*r - 16. Let p be m(10). Suppose -p*h = -305*h + 2. What is the remainder when 4/3*6/4 is divided by h?
0
Let w(n) = -13*n**3 - 2*n**2 - n + 1. What is the remainder when w(-2) is divided by (-11285)/(-427) - (-3)/(-7)?
21
Suppose 15*x - 239 = 1981. Calculate the remainder when x is divided by 36.
4
Suppose -a - 107 = -2*a - k, 0 = -3*a + 4*k + 307. Let w = a - 63. Suppose w + 22 = 4*i. Calculate the remainder when 31 is divided by i.
15
Suppose -4*d + d = j - 70, 5*j + 24 = 2*d. Let q = -40 - -44. Suppose 0 = -3*w - q*x + 31, 4*x = 3*w + 2 - 1. What is the remainder when d is divided by w?
2
Let r(v) = -v**3 - 7*v**2 - 4*v. Calculate the remainder when r(-8) is divided by 17.
11
Let n = 4 + 1. What is the remainder when n is divided by 60/140 - (-11)/7?
1
Suppose 2*h = -10, -3*w = -w - 3*h - 131. Let d = w - 35. What is the remainder when d is divided by 410/35 + -2 + 64/28?
11
Suppose 4 = d, 0 = 4*k - 3*d + 1434 - 4010. Calculate the remainder when k is divided by 24.
23
Suppose 5*u - 3*b - 725 = 0, 3*u - 170 = -4*b + 236. Calculate the remainder when 566 is divided by u.
140
Let z = -54 - -146. Suppose 0*s + 45 = 9*s. Suppose -2*k + 5*n = -z, -2*n - 3*n = -s*k + 245. What is the remainder when k is divided by 13?
12
Let d(o) = 2*o**3 - 6*o**2 - 22*o + 32. Calculate the remainder when d(7) is divided by 7.
4
Suppose 121*o - 956 = 119*o. What is the remainder when o is divided by 10?
8
Let x = -5 - -11. Let g(i) = -i**2 - 5*i - 3. Let r be g(-6). Let n = 23 + r. Calculate the remainder when n is divided by x.
2
Suppose 6*o + 14*o = 460. What is the remainder when 106 is divided by o?
14
Let v(c) = -3*c**3 - 2. Let n be v(-2). Let x = n - -82. Calculate the remainder when x is divided by 4/(-3 - -1)*(-168)/16.
20
Suppose 4*b = -0*b + 24. Let h = 8 - b. Calculate the remainder when 10 is divided by (-3 + h)/((-2)/6).
1
Let l = 66 + -52. What is the remainder when l is divided by 5?
4
Let t(g) = 4*g + 1. What is the remainder when (-17 - 3269/(-42)) + 10/(-12) is divided by t(5)?
18
What is the remainder when (0 - 90/(-4))/(210/2240) is divided by 81?
78
Suppose 4*h = 465 + 63. Let g = 209 - h. Let w = -19 + g. Calculate the remainder when w is divided by 15.
13
Suppose 395*r = 382*r + 728. What is the remainder when 94 is divided by r?
38
Let o(w) = 3*w + 538. What is the remainder when o(-27) is divided by 21?
16
Let y = -5 - 37. Calculate the remainder when 1070/12 + 7/y is divided by 23.
20
Let o(b) = 24*b + 192. What is the remainder when o(-2) is divided by 7?
4
Let f be 2/4 - 20/(-8). Suppose -2*m - 32 = -5*j, -3*m = -5*j + 52 - 19. Suppose v - f*s = j, s - 2*s + 18 = 3*v. What is the remainder when 10 is divided by v?
4
What is the remainder when 94 is divided by (-26)/(-2)*(16 + -14)?
16
Let p(d) = d**3 - 3*d**2 - 4*d. Let s be p(4). Suppose s = -j - 2*j + 51. What is the